CRAN Package Check Results for Package BSGW

Last updated on 2025-06-04 04:49:43 CEST.

Flavor Version Tinstall Tcheck Ttotal Status Flags
r-devel-linux-x86_64-debian-clang 0.9.4 6.07 69.20 75.27 NOTE
r-devel-linux-x86_64-debian-gcc 0.9.4 5.01 51.06 56.07 NOTE
r-devel-linux-x86_64-fedora-clang 0.9.4 120.11 OK
r-devel-linux-x86_64-fedora-gcc 0.9.4 112.60 OK
r-devel-windows-x86_64 0.9.4 8.00 78.00 86.00 OK
r-patched-linux-x86_64 0.9.4 7.97 65.60 73.57 OK
r-release-linux-x86_64 0.9.4 7.42 65.36 72.78 OK
r-release-macos-arm64 0.9.4 36.00 OK
r-release-macos-x86_64 0.9.4 67.00 OK
r-release-windows-x86_64 0.9.4 8.00 77.00 85.00 OK
r-oldrel-macos-arm64 0.9.4 35.00 OK
r-oldrel-macos-x86_64 0.9.4 53.00 OK
r-oldrel-windows-x86_64 0.9.4 10.00 96.00 106.00 OK

Check Details

Version: 0.9.4
Check: CRAN incoming feasibility
Result: NOTE Maintainer: ‘Alireza S. Mahani <[email protected]>’ No Authors@R field in DESCRIPTION. Please add one, modifying Authors@R: c(person(given = c("Alireza", "S."), family = "Mahani", role = c("aut", "cre"), email = "[email protected]"), person(given = c("Mansour", "T.A."), family = "Sharabiani", role = "aut")) as necessary. Flavors: r-devel-linux-x86_64-debian-clang, r-devel-linux-x86_64-debian-gcc