CRAN Package Check Results for Package BIGDAWG

Last updated on 2025-06-04 04:49:42 CEST.

Flavor Version Tinstall Tcheck Ttotal Status Flags
r-devel-linux-x86_64-debian-clang 3.0.3 26.39 62.80 89.19 NOTE
r-devel-linux-x86_64-debian-gcc 3.0.3 14.11 43.33 57.44 NOTE
r-devel-linux-x86_64-fedora-clang 3.0.3 141.36 NOTE
r-devel-linux-x86_64-fedora-gcc 3.0.3 150.80 NOTE
r-devel-windows-x86_64 3.0.3 28.00 84.00 112.00 OK
r-patched-linux-x86_64 3.0.3 27.73 60.82 88.55 OK
r-release-linux-x86_64 3.0.3 27.06 59.83 86.89 OK
r-release-macos-arm64 3.0.3 54.00 OK
r-release-macos-x86_64 3.0.3 98.00 OK
r-release-windows-x86_64 3.0.3 27.00 85.00 112.00 OK
r-oldrel-macos-arm64 3.0.3 57.00 OK
r-oldrel-macos-x86_64 3.0.3 105.00 OK
r-oldrel-windows-x86_64 3.0.3 39.00 98.00 137.00 OK

Check Details

Version: 3.0.3
Check: CRAN incoming feasibility
Result: NOTE Maintainer: ‘Steve Mack <[email protected]>’ No Authors@R field in DESCRIPTION. Please add one, modifying Authors@R: c(person(given = "Derek", family = "Pappas", role = "aut", email = "[email protected]"), person(given = "Steve", family = "Mack", role = c("aut", "cre"), email = "[email protected]"), person(given = "Jill", family = "Hollenbach", role = "aut", email = "[email protected]")) as necessary. Flavors: r-devel-linux-x86_64-debian-clang, r-devel-linux-x86_64-debian-gcc

Version: 3.0.3
Check: dependencies in R code
Result: NOTE Namespace in Imports field not imported from: ‘httr’ All declared Imports should be used. Flavors: r-devel-linux-x86_64-fedora-clang, r-devel-linux-x86_64-fedora-gcc