CRAN Package Check Results for Package BIFIEsurvey

Last updated on 2025-06-04 10:50:21 CEST.

Flavor Version Tinstall Tcheck Ttotal Status Flags
r-devel-linux-x86_64-debian-clang 3.6-6 123.58 126.44 250.02 NOTE
r-devel-linux-x86_64-debian-gcc 3.6-6 87.72 91.66 179.38 NOTE
r-devel-linux-x86_64-fedora-clang 3.6-6 466.24 OK
r-devel-linux-x86_64-fedora-gcc 3.6-6 448.71 OK
r-devel-windows-x86_64 3.6-6 125.00 154.00 279.00 OK
r-patched-linux-x86_64 3.6-6 123.03 119.62 242.65 OK
r-release-linux-x86_64 3.6-6 112.04 119.00 231.04 OK
r-release-macos-arm64 3.6-6 103.00 OK
r-release-macos-x86_64 3.6-6 142.00 OK
r-release-windows-x86_64 3.6-6 122.00 149.00 271.00 OK
r-oldrel-macos-arm64 3.6-6 64.00 NOTE
r-oldrel-macos-x86_64 3.6-6 128.00 NOTE
r-oldrel-windows-x86_64 3.6-6 155.00 190.00 345.00 OK

Check Details

Version: 3.6-6
Check: CRAN incoming feasibility
Result: NOTE Maintainer: ‘Alexander Robitzsch <[email protected]>’ No Authors@R field in DESCRIPTION. Please add one, modifying Authors@R: c(person(family = "BIFIE", role = "aut"), person(given = "Alexander", family = "Robitzsch", role = c("aut", "cre"), email = "[email protected]"), person(given = "Konrad", family = "Oberwimmer", role = "aut")) as necessary. Flavors: r-devel-linux-x86_64-debian-clang, r-devel-linux-x86_64-debian-gcc

Version: 3.6-6
Check: installed package size
Result: NOTE installed size is 9.6Mb sub-directories of 1Mb or more: data 1.4Mb libs 7.7Mb Flavors: r-oldrel-macos-arm64, r-oldrel-macos-x86_64