Last updated on 2025-06-04 04:49:42 CEST.
Flavor | Version | Tinstall | Tcheck | Ttotal | Status | Flags |
---|---|---|---|---|---|---|
r-devel-linux-x86_64-debian-clang | 1.4.5 | 126.86 | 597.16 | 724.02 | OK | |
r-devel-linux-x86_64-debian-gcc | 1.4.5 | 88.20 | 300.12 | 388.32 | OK | |
r-devel-linux-x86_64-fedora-clang | 1.4.5 | 1129.81 | OK | |||
r-devel-linux-x86_64-fedora-gcc | 1.4.5 | 795.20 | OK | |||
r-devel-windows-x86_64 | 1.4.5 | 128.00 | 333.00 | 461.00 | OK | |
r-patched-linux-x86_64 | 1.4.5 | 121.43 | 394.14 | 515.57 | OK | |
r-release-linux-x86_64 | 1.4.5 | 126.63 | 397.12 | 523.75 | OK | |
r-release-macos-arm64 | 1.4.5 | 219.00 | OK | |||
r-release-macos-x86_64 | 1.4.5 | 548.00 | OK | |||
r-release-windows-x86_64 | 1.4.5 | 128.00 | 343.00 | 471.00 | OK | |
r-oldrel-macos-arm64 | 1.4.5 | 211.00 | NOTE | |||
r-oldrel-macos-x86_64 | 1.4.5 | 363.00 | NOTE | |||
r-oldrel-windows-x86_64 | 1.4.5 | 159.00 | 473.00 | 632.00 | OK |
Version: 1.4.5
Check: installed package size
Result: NOTE
installed size is 14.5Mb
sub-directories of 1Mb or more:
libs 13.5Mb
Flavors: r-oldrel-macos-arm64, r-oldrel-macos-x86_64