Last updated on 2025-06-04 04:49:42 CEST.
Flavor | Version | Tinstall | Tcheck | Ttotal | Status | Flags |
---|---|---|---|---|---|---|
r-devel-linux-x86_64-debian-clang | 2.4.7 | 31.71 | 593.79 | 625.50 | NOTE | |
r-devel-linux-x86_64-debian-gcc | 2.4.7 | 24.61 | 440.46 | 465.07 | NOTE | |
r-devel-linux-x86_64-fedora-clang | 2.4.7 | 951.49 | NOTE | |||
r-devel-linux-x86_64-fedora-gcc | 2.4.7 | 951.43 | NOTE | |||
r-devel-windows-x86_64 | 2.4.7 | 26.00 | 560.00 | 586.00 | NOTE | |
r-patched-linux-x86_64 | 2.4.7 | 33.38 | 584.85 | 618.23 | NOTE | |
r-release-linux-x86_64 | 2.4.7 | 33.67 | 584.57 | 618.24 | NOTE | |
r-release-macos-arm64 | 2.4.7 | 258.00 | NOTE | |||
r-release-macos-x86_64 | 2.4.7 | 603.00 | NOTE | |||
r-release-windows-x86_64 | 2.4.7 | 26.00 | 549.00 | 575.00 | NOTE | |
r-oldrel-macos-arm64 | 2.4.7 | 170.00 | OK | |||
r-oldrel-macos-x86_64 | 2.4.7 | 290.00 | OK | |||
r-oldrel-windows-x86_64 | 2.4.7 | 38.00 | 712.00 | 750.00 | OK |
Version: 2.4.7
Check: DESCRIPTION meta-information
Result: NOTE
Missing dependency on R >= 4.1.0 because package code uses the pipe
|> or function shorthand \(...) syntax added in R 4.1.0.
File(s) using such syntax:
‘ceac_plot_graph.R’ ‘ceef_plot_graph.R’ ‘ceplane_plot_graph.R’
‘contour_graph.R’ ‘eib_plot_graph.R’ ‘evppi.default.R’
‘evppi_plot_ggplot.R’ ‘info_rank_graph.R’ ‘plot.bcea.R’
‘prep_ceplane_params.R’
Flavors: r-devel-linux-x86_64-debian-clang, r-devel-linux-x86_64-debian-gcc, r-devel-linux-x86_64-fedora-clang, r-devel-linux-x86_64-fedora-gcc, r-devel-windows-x86_64, r-patched-linux-x86_64, r-release-linux-x86_64, r-release-macos-arm64, r-release-macos-x86_64, r-release-windows-x86_64