CRAN Package Check Results for Package BACCT

Last updated on 2025-06-04 04:49:42 CEST.

Flavor Version Tinstall Tcheck Ttotal Status Flags
r-devel-linux-x86_64-debian-clang 1.0 5.82 47.82 53.64 OK
r-devel-linux-x86_64-debian-gcc 1.0 3.59 34.20 37.79 OK
r-devel-linux-x86_64-fedora-clang 1.0 83.31 OK
r-devel-linux-x86_64-fedora-gcc 1.0 79.07 OK
r-devel-windows-x86_64 1.0 7.00 66.00 73.00 OK
r-patched-linux-x86_64 1.0 6.20 43.52 49.72 OK
r-release-linux-x86_64 1.0 5.18 44.60 49.78 OK
r-release-macos-arm64 1.0 30.00 OK
r-release-macos-x86_64 1.0 66.00 OK
r-release-windows-x86_64 1.0 7.00 64.00 71.00 OK
r-oldrel-macos-arm64 1.0 25.00 NOTE
r-oldrel-macos-x86_64 1.0 47.00 NOTE
r-oldrel-windows-x86_64 1.0 10.00 77.00 87.00 NOTE

Check Details

Version: 1.0
Check: LazyData
Result: NOTE 'LazyData' is specified without a 'data' directory Flavors: r-oldrel-macos-arm64, r-oldrel-macos-x86_64, r-oldrel-windows-x86_64