CRAN Package Check Results for Package AzureContainers

Last updated on 2025-06-04 04:49:42 CEST.

Flavor Version Tinstall Tcheck Ttotal Status Flags
r-devel-linux-x86_64-debian-clang 1.3.3 6.78 36.22 43.00 OK
r-devel-linux-x86_64-debian-gcc 1.3.3 4.35 29.45 33.80 OK
r-devel-linux-x86_64-fedora-clang 1.3.3 66.27 NOTE
r-devel-linux-x86_64-fedora-gcc 1.3.3 81.49 NOTE
r-devel-windows-x86_64 1.3.3 7.00 64.00 71.00 OK
r-patched-linux-x86_64 1.3.3 6.01 33.31 39.32 OK
r-release-linux-x86_64 1.3.3 6.47 33.17 39.64 OK
r-release-macos-arm64 1.3.3 30.00 OK
r-release-macos-x86_64 1.3.3 56.00 OK
r-release-windows-x86_64 1.3.3 8.00 64.00 72.00 OK
r-oldrel-macos-arm64 1.3.3 38.00 OK
r-oldrel-macos-x86_64 1.3.3 64.00 OK
r-oldrel-windows-x86_64 1.3.3 11.00 69.00 80.00 OK

Check Details

Version: 1.3.3
Check: dependencies in R code
Result: NOTE Namespace in Imports field not imported from: ‘openssl’ All declared Imports should be used. Flavors: r-devel-linux-x86_64-fedora-clang, r-devel-linux-x86_64-fedora-gcc