CRAN Package Check Results for Package AssetCorr

Last updated on 2025-06-04 04:49:42 CEST.

Flavor Version Tinstall Tcheck Ttotal Status Flags
r-devel-linux-x86_64-debian-clang 1.0.4 12.23 82.46 94.69 NOTE
r-devel-linux-x86_64-debian-gcc 1.0.4 7.28 55.62 62.90 NOTE
r-devel-linux-x86_64-fedora-clang 1.0.4 146.79 NOTE
r-devel-linux-x86_64-fedora-gcc 1.0.4 430.32 NOTE
r-devel-windows-x86_64 1.0.4 13.00 97.00 110.00 OK
r-patched-linux-x86_64 1.0.4 12.75 73.20 85.95 OK
r-release-linux-x86_64 1.0.4 11.02 75.23 86.25 OK
r-release-macos-arm64 1.0.4 147.00 OK
r-release-macos-x86_64 1.0.4 210.00 OK
r-release-windows-x86_64 1.0.4 13.00 95.00 108.00 OK
r-oldrel-macos-arm64 1.0.4 95.00 OK
r-oldrel-macos-x86_64 1.0.4 167.00 OK
r-oldrel-windows-x86_64 1.0.4 16.00 118.00 134.00 OK

Check Details

Version: 1.0.4
Check: CRAN incoming feasibility
Result: NOTE Maintainer: ‘Maximilian Nagl <[email protected]>’ No Authors@R field in DESCRIPTION. Please add one, modifying Authors@R: c(person(given = "Maximilian", family = "Nagl", role = c("aut", "cre"), email = "[email protected]"), person(given = "Yevhen", family = "Havrylenko", role = "aut"), person(given = "Marius", family = "Pfeuffer", role = "aut"), person(given = "Kevin", family = "Jakob", role = "aut"), person(given = "Matthias", family = "Fischer", role = "aut"), person(given = "Daniel", family = "Roesch", role = "aut")) as necessary. Flavors: r-devel-linux-x86_64-debian-clang, r-devel-linux-x86_64-debian-gcc

Version: 1.0.4
Check: dependencies in R code
Result: NOTE Namespace in Imports field not imported from: ‘knitr’ All declared Imports should be used. Flavors: r-devel-linux-x86_64-fedora-clang, r-devel-linux-x86_64-fedora-gcc