CRAN Package Check Results for Package ApacheLogProcessor

Last updated on 2025-06-04 04:49:42 CEST.

Flavor Version Tinstall Tcheck Ttotal Status Flags
r-devel-linux-x86_64-debian-clang 0.2.3 3.11 26.25 29.36 NOTE
r-devel-linux-x86_64-debian-gcc 0.2.3 2.27 21.00 23.27 NOTE
r-devel-linux-x86_64-fedora-clang 0.2.3 44.62 OK
r-devel-linux-x86_64-fedora-gcc 0.2.3 45.24 OK
r-devel-windows-x86_64 0.2.3 5.00 52.00 57.00 OK
r-patched-linux-x86_64 0.2.3 3.20 24.73 27.93 OK
r-release-linux-x86_64 0.2.3 2.45 24.89 27.34 OK
r-release-macos-arm64 0.2.3 27.00 OK
r-release-macos-x86_64 0.2.3 42.00 OK
r-release-windows-x86_64 0.2.3 4.00 53.00 57.00 OK
r-oldrel-macos-arm64 0.2.3 18.00 OK
r-oldrel-macos-x86_64 0.2.3 29.00 OK
r-oldrel-windows-x86_64 0.2.3 5.00 62.00 67.00 OK

Check Details

Version: 0.2.3
Check: CRAN incoming feasibility
Result: NOTE Maintainer: ‘Diogo Silveira Mendonca <[email protected]>’ No Authors@R field in DESCRIPTION. Please add one, modifying Authors@R: person(given = c("Diogo", "Silveira"), family = "Mendonca", role = c("aut", "cre"), email = "[email protected]") as necessary. Flavors: r-devel-linux-x86_64-debian-clang, r-devel-linux-x86_64-debian-gcc