CRAN Package Check Results for Package AntibodyForests

Last updated on 2025-06-04 04:49:42 CEST.

Flavor Version Tinstall Tcheck Ttotal Status Flags
r-devel-linux-x86_64-debian-clang 1.0.0 11.82 118.78 130.60 NOTE
r-devel-linux-x86_64-debian-gcc 1.0.0 7.71 83.44 91.15 NOTE
r-devel-linux-x86_64-fedora-clang 1.0.0 230.41 NOTE
r-devel-linux-x86_64-fedora-gcc 1.0.0 232.31 NOTE
r-devel-windows-x86_64 1.0.0 14.00 123.00 137.00 NOTE
r-patched-linux-x86_64 1.0.0 11.90 113.17 125.07 NOTE
r-release-linux-x86_64 1.0.0 11.90 113.26 125.16 NOTE
r-release-macos-arm64 1.0.0 63.00 NOTE
r-release-macos-x86_64 1.0.0 123.00 NOTE
r-release-windows-x86_64 1.0.0 15.00 123.00 138.00 NOTE
r-oldrel-macos-arm64 1.0.0 74.00 OK
r-oldrel-macos-x86_64 1.0.0 8.00 ERROR
r-oldrel-windows-x86_64 1.0.0 20.00 161.00 181.00 OK

Check Details

Version: 1.0.0
Check: DESCRIPTION meta-information
Result: NOTE Missing dependency on R >= 4.1.0 because package code uses the pipe |> or function shorthand \(...) syntax added in R 4.1.0. File(s) using such syntax: ‘Af_edge_RMSD.R’ ‘VDJ_3d_properties.R’ Flavors: r-devel-linux-x86_64-debian-clang, r-devel-linux-x86_64-debian-gcc, r-devel-linux-x86_64-fedora-clang, r-devel-linux-x86_64-fedora-gcc, r-devel-windows-x86_64, r-patched-linux-x86_64, r-release-linux-x86_64, r-release-macos-arm64, r-release-macos-x86_64, r-release-windows-x86_64

Version: 1.0.0
Check: package dependencies
Result: ERROR Package required but not available: ‘pwalign’ See section ‘The DESCRIPTION file’ in the ‘Writing R Extensions’ manual. Flavor: r-oldrel-macos-x86_64