Last updated on 2025-06-04 04:49:42 CEST.
Flavor | Version | Tinstall | Tcheck | Ttotal | Status | Flags |
---|---|---|---|---|---|---|
r-devel-linux-x86_64-debian-clang | 1.1.0 | 54.77 | 291.76 | 346.53 | NOTE | |
r-devel-linux-x86_64-debian-gcc | 1.1.0 | 39.50 | 189.65 | 229.15 | NOTE | |
r-devel-linux-x86_64-fedora-clang | 1.1.0 | 509.62 | NOTE | |||
r-devel-linux-x86_64-fedora-gcc | 1.1.0 | 558.87 | NOTE | |||
r-devel-windows-x86_64 | 1.1.0 | 60.00 | 310.00 | 370.00 | NOTE | |
r-patched-linux-x86_64 | 1.1.0 | 56.39 | 285.92 | 342.31 | NOTE | |
r-release-linux-x86_64 | 1.1.0 | 53.14 | 269.90 | 323.04 | NOTE | |
r-release-macos-arm64 | 1.1.0 | 131.00 | NOTE | |||
r-release-macos-x86_64 | 1.1.0 | 302.00 | NOTE | |||
r-release-windows-x86_64 | 1.1.0 | 53.00 | 300.00 | 353.00 | NOTE | |
r-oldrel-macos-arm64 | 1.1.0 | 121.00 | NOTE | |||
r-oldrel-macos-x86_64 | 1.1.0 | 167.00 | NOTE | |||
r-oldrel-windows-x86_64 | 1.1.0 | 72.00 | 375.00 | 447.00 | NOTE |
Version: 1.1.0
Check: CRAN incoming feasibility
Result: NOTE
Maintainer: ‘Bruno Bodin <[email protected]>’
The Description field contains
by Argiento and De Iorio (2019) <arXiv:1904.09733> and offers a more
Please refer to arXiv e-prints via their arXiv DOI <doi:10.48550/arXiv.YYMM.NNNNN>.
Flavors: r-devel-linux-x86_64-debian-clang, r-devel-linux-x86_64-debian-gcc
Version: 1.1.0
Check: C++ specification
Result: NOTE
Specified C++11: please drop specification unless essential
Flavors: r-devel-linux-x86_64-debian-clang, r-devel-linux-x86_64-debian-gcc, r-devel-linux-x86_64-fedora-clang, r-devel-linux-x86_64-fedora-gcc, r-devel-windows-x86_64, r-patched-linux-x86_64, r-release-linux-x86_64, r-release-macos-arm64, r-release-macos-x86_64, r-release-windows-x86_64, r-oldrel-macos-arm64, r-oldrel-macos-x86_64, r-oldrel-windows-x86_64
Version: 1.1.0
Check: dependencies in R code
Result: NOTE
Namespaces in Imports field not imported from:
‘Rdpack’ ‘mcclust’
All declared Imports should be used.
Flavors: r-devel-linux-x86_64-fedora-clang, r-devel-linux-x86_64-fedora-gcc
Version: 1.1.0
Check: installed package size
Result: NOTE
installed size is 5.6Mb
sub-directories of 1Mb or more:
libs 5.3Mb
Flavors: r-oldrel-macos-arm64, r-oldrel-macos-x86_64