CRAN Package Check Results for Package AmyloGram

Last updated on 2025-06-02 09:50:55 CEST.

Flavor Version Tinstall Tcheck Ttotal Status Flags
r-devel-linux-x86_64-debian-clang 1.1 9.32 69.19 78.51 NOTE
r-devel-linux-x86_64-debian-gcc 1.1 6.85 50.98 57.83 NOTE
r-devel-linux-x86_64-fedora-clang 1.1 115.32 OK
r-devel-linux-x86_64-fedora-gcc 1.1 117.71 OK
r-devel-windows-x86_64 1.1 13.00 79.00 92.00 OK
r-patched-linux-x86_64 1.1 8.63 63.54 72.17 OK
r-release-linux-x86_64 1.1 8.13 63.69 71.82 OK
r-release-macos-arm64 1.1 40.00 OK
r-release-macos-x86_64 1.1 73.00 OK
r-release-windows-x86_64 1.1 12.00 78.00 90.00 OK
r-oldrel-macos-arm64 1.1 39.00 OK
r-oldrel-macos-x86_64 1.1 53.00 OK
r-oldrel-windows-x86_64 1.1 14.00 97.00 111.00 OK

Check Details

Version: 1.1
Check: CRAN incoming feasibility
Result: NOTE Maintainer: ‘Michal Burdukiewicz <[email protected]>’ Package CITATION file contains call(s) to old-style citEntry(). Please use bibentry() instead. Found the following URLs which should use \doi (with the DOI name only): File ‘AmyloGram-package.Rd’: https://doi.org/10.1038/s41598-017-13210-9 Flavors: r-devel-linux-x86_64-debian-clang, r-devel-linux-x86_64-debian-gcc