Last updated on 2025-06-04 04:49:41 CEST.
Flavor | Version | Tinstall | Tcheck | Ttotal | Status | Flags |
---|---|---|---|---|---|---|
r-devel-linux-x86_64-debian-clang | 1.3 | 13.48 | 127.91 | 141.39 | NOTE | |
r-devel-linux-x86_64-debian-gcc | 1.3 | 11.01 | 91.82 | 102.83 | NOTE | |
r-devel-linux-x86_64-fedora-clang | 1.3 | 217.93 | OK | |||
r-devel-linux-x86_64-fedora-gcc | 1.3 | 219.29 | OK | |||
r-devel-windows-x86_64 | 1.3 | 14.00 | 128.00 | 142.00 | OK | |
r-patched-linux-x86_64 | 1.3 | 13.95 | 115.38 | 129.33 | OK | |
r-release-linux-x86_64 | 1.3 | 13.50 | 115.55 | 129.05 | OK | |
r-release-macos-arm64 | 1.3 | 65.00 | OK | |||
r-release-macos-x86_64 | 1.3 | 115.00 | OK | |||
r-release-windows-x86_64 | 1.3 | 14.00 | 126.00 | 140.00 | OK | |
r-oldrel-macos-arm64 | 1.3 | 64.00 | OK | |||
r-oldrel-macos-x86_64 | 1.3 | 89.00 | OK | |||
r-oldrel-windows-x86_64 | 1.3 | 19.00 | 165.00 | 184.00 | OK |
Version: 1.3
Check: CRAN incoming feasibility
Result: NOTE
Maintainer: ‘Pengyi Yang <[email protected]>’
No Authors@R field in DESCRIPTION.
Please add one, modifying
Authors@R: person(given = "Pengyi",
family = "Yang",
role = c("aut", "cre"),
email = "[email protected]")
as necessary.
Flavors: r-devel-linux-x86_64-debian-clang, r-devel-linux-x86_64-debian-gcc