CRAN Package Check Results for Package ActCR

Last updated on 2025-06-04 04:49:41 CEST.

Flavor Version Tinstall Tcheck Ttotal Status Flags
r-devel-linux-x86_64-debian-clang 0.3.0 8.07 74.27 82.34 NOTE
r-devel-linux-x86_64-debian-gcc 0.3.0 5.52 50.31 55.83 NOTE
r-devel-linux-x86_64-fedora-clang 0.3.0 125.34 NOTE
r-devel-linux-x86_64-fedora-gcc 0.3.0 115.94 NOTE
r-devel-windows-x86_64 0.3.0 10.00 88.00 98.00 NOTE
r-patched-linux-x86_64 0.3.0 8.67 66.27 74.94 NOTE
r-release-linux-x86_64 0.3.0 7.23 66.51 73.74 NOTE
r-release-macos-arm64 0.3.0 36.00 NOTE
r-release-macos-x86_64 0.3.0 60.00 NOTE
r-release-windows-x86_64 0.3.0 9.00 83.00 92.00 NOTE
r-oldrel-macos-arm64 0.3.0 35.00 NOTE
r-oldrel-macos-x86_64 0.3.0 50.00 NOTE
r-oldrel-windows-x86_64 0.3.0 13.00 106.00 119.00 NOTE

Check Details

Version: 0.3.0
Check: package subdirectories
Result: NOTE Problems with news in ‘NEWS.md’: No news entries found. Flavors: r-devel-linux-x86_64-debian-clang, r-devel-linux-x86_64-debian-gcc, r-devel-linux-x86_64-fedora-clang, r-devel-linux-x86_64-fedora-gcc, r-devel-windows-x86_64, r-patched-linux-x86_64, r-release-linux-x86_64, r-release-macos-arm64, r-release-macos-x86_64, r-release-windows-x86_64, r-oldrel-macos-arm64, r-oldrel-macos-x86_64, r-oldrel-windows-x86_64