CRAN Package Check Results for Package AST

Last updated on 2025-06-08 17:56:48 CEST.

Flavor Version Tinstall Tcheck Ttotal Status Flags
r-devel-linux-x86_64-debian-clang 0.1.0 1.75 19.55 21.30 NOTE
r-devel-linux-x86_64-debian-gcc 0.1.0 1.39 15.85 17.24 NOTE
r-devel-linux-x86_64-fedora-clang 0.1.0 33.29 OK
r-devel-linux-x86_64-fedora-gcc 0.1.0 31.89 OK
r-devel-windows-x86_64 0.1.0 2.00 44.00 46.00 OK
r-patched-linux-x86_64 0.1.0 1.69 18.77 20.46 OK
r-release-linux-x86_64 0.1.0 1.86 18.55 20.41 OK
r-release-macos-arm64 0.1.0 16.00 OK
r-release-macos-x86_64 0.1.0 28.00 OK
r-release-windows-x86_64 0.1.0 4.00 46.00 50.00 OK
r-oldrel-macos-arm64 0.1.0 22.00 OK
r-oldrel-macos-x86_64 0.1.0 22.00 OK
r-oldrel-windows-x86_64 0.1.0 4.00 46.00 50.00 OK

Check Details

Version: 0.1.0
Check: CRAN incoming feasibility
Result: NOTE Maintainer: ‘Ali Ghanbari <[email protected]>’ No Authors@R field in DESCRIPTION. Please add one, modifying Authors@R: c(person(given = "Parinaz", family = "Mehdipour", role = "aut", email = "[email protected]"), person(given = "Ali", family = "Ghanbari", role = c("cre", "aut"), email = "[email protected]"), person(given = "Farshad", family = "Farzadfar", role = "cph", email = "[email protected]")) as necessary. Flavors: r-devel-linux-x86_64-debian-clang, r-devel-linux-x86_64-debian-gcc