CRAN Package Check Results for Package ARCokrig

Last updated on 2025-06-04 04:49:42 CEST.

Flavor Version Tinstall Tcheck Ttotal Status Flags
r-devel-linux-x86_64-debian-clang 0.1.2 71.92 66.35 138.27 NOTE
r-devel-linux-x86_64-debian-gcc 0.1.2 57.07 50.06 107.13 NOTE
r-devel-linux-x86_64-fedora-clang 0.1.2 219.79 NOTE
r-devel-linux-x86_64-fedora-gcc 0.1.2 241.34 NOTE
r-devel-windows-x86_64 0.1.2 68.00 106.00 174.00 NOTE
r-patched-linux-x86_64 0.1.2 82.16 67.56 149.72 NOTE
r-release-linux-x86_64 0.1.2 75.64 67.96 143.60 NOTE
r-release-macos-arm64 0.1.2 64.00 NOTE
r-release-macos-x86_64 0.1.2 102.00 NOTE
r-release-windows-x86_64 0.1.2 67.00 104.00 171.00 NOTE
r-oldrel-macos-arm64 0.1.2 54.00 NOTE
r-oldrel-macos-x86_64 0.1.2 79.00 NOTE
r-oldrel-windows-x86_64 0.1.2 86.00 127.00 213.00 NOTE

Check Details

Version: 0.1.2
Check: CRAN incoming feasibility
Result: NOTE Maintainer: ‘Pulong Ma <[email protected]>’ The Description field contains Andrew T Cox (2019) <arXiv:1909.01836>. Please refer to arXiv e-prints via their arXiv DOI <doi:10.48550/arXiv.YYMM.NNNNN>. Flavors: r-devel-linux-x86_64-debian-clang, r-devel-linux-x86_64-debian-gcc

Version: 0.1.2
Check: C++ specification
Result: NOTE Specified C++11: please drop specification unless essential Flavors: r-devel-linux-x86_64-debian-clang, r-devel-linux-x86_64-debian-gcc, r-devel-linux-x86_64-fedora-clang, r-devel-linux-x86_64-fedora-gcc, r-devel-windows-x86_64, r-patched-linux-x86_64, r-release-linux-x86_64, r-release-macos-arm64, r-release-macos-x86_64, r-release-windows-x86_64, r-oldrel-macos-arm64, r-oldrel-macos-x86_64, r-oldrel-windows-x86_64

Version: 0.1.2
Check: installed package size
Result: NOTE installed size is 30.0Mb sub-directories of 1Mb or more: libs 29.7Mb Flavors: r-oldrel-macos-arm64, r-oldrel-macos-x86_64