CRAN Package Check Results for Package AHPtools

Last updated on 2025-06-04 04:49:41 CEST.

Flavor Version Tinstall Tcheck Ttotal Status Flags
r-devel-linux-x86_64-debian-clang 0.3.0 2.02 25.91 27.93 NOTE
r-devel-linux-x86_64-debian-gcc 0.3.0 1.50 20.43 21.93 NOTE
r-devel-linux-x86_64-fedora-clang 0.3.0 45.56 OK
r-devel-linux-x86_64-fedora-gcc 0.3.0 59.29 OK
r-devel-windows-x86_64 0.3.0 4.00 48.00 52.00 OK
r-patched-linux-x86_64 0.3.0 2.14 25.35 27.49 OK
r-release-linux-x86_64 0.3.0 1.45 25.09 26.54 OK
r-release-macos-arm64 0.3.0 23.00 OK
r-release-macos-x86_64 0.3.0 48.00 OK
r-release-windows-x86_64 0.3.0 3.00 47.00 50.00 OK
r-oldrel-macos-arm64 0.3.0 30.00 OK
r-oldrel-macos-x86_64 0.3.0 66.00 OK
r-oldrel-windows-x86_64 0.3.0 3.00 54.00 57.00 OK

Check Details

Version: 0.3.0
Check: CRAN incoming feasibility
Result: NOTE Maintainer: ‘Amarnath Bose <[email protected]>’ No Authors@R field in DESCRIPTION. Please add one, modifying Authors@R: person(given = "Amarnath", family = "Bose", role = c("aut", "cre"), email = "[email protected]", comment = c(ORCID = "0000-0003-1560-6745")) as necessary. Flavors: r-devel-linux-x86_64-debian-clang, r-devel-linux-x86_64-debian-gcc