Last updated on 2025-06-04 04:49:41 CEST.
Flavor | Version | Tinstall | Tcheck | Ttotal | Status | Flags |
---|---|---|---|---|---|---|
r-devel-linux-x86_64-debian-clang | 0.1.2 | 4.43 | 49.85 | 54.28 | NOTE | |
r-devel-linux-x86_64-debian-gcc | 0.1.2 | 3.71 | 34.96 | 38.67 | NOTE | |
r-devel-linux-x86_64-fedora-clang | 0.1.2 | 85.70 | OK | |||
r-devel-linux-x86_64-fedora-gcc | 0.1.2 | 83.49 | OK | |||
r-devel-windows-x86_64 | 0.1.2 | 6.00 | 68.00 | 74.00 | OK | |
r-patched-linux-x86_64 | 0.1.2 | 4.75 | 47.15 | 51.90 | OK | |
r-release-linux-x86_64 | 0.1.2 | 4.83 | 47.28 | 52.11 | OK | |
r-release-macos-arm64 | 0.1.2 | 33.00 | OK | |||
r-release-macos-x86_64 | 0.1.2 | 46.00 | OK | |||
r-release-windows-x86_64 | 0.1.2 | 7.00 | 68.00 | 75.00 | OK | |
r-oldrel-macos-arm64 | 0.1.2 | 26.00 | OK | |||
r-oldrel-macos-x86_64 | 0.1.2 | 40.00 | OK | |||
r-oldrel-windows-x86_64 | 0.1.2 | 9.00 | 79.00 | 88.00 | OK |
Version: 0.1.2
Check: CRAN incoming feasibility
Result: NOTE
Maintainer: ‘Hsiao-Ting Huang <[email protected]>’
No Authors@R field in DESCRIPTION.
Please add one, modifying
Authors@R: person(given = "Hsiao-Ting",
family = "Huang",
role = c("aut", "cre"),
email = "[email protected]")
as necessary.
Flavors: r-devel-linux-x86_64-debian-clang, r-devel-linux-x86_64-debian-gcc